{"id":13,"date":"2019-06-04T16:43:08","date_gmt":"2019-06-04T14:43:08","guid":{"rendered":"http:\/\/222367.w67.wedos.ws\/domains\/hpz.cz\/?page_id=13"},"modified":"2019-06-04T17:32:59","modified_gmt":"2019-06-04T15:32:59","slug":"textilni-rolety","status":"publish","type":"page","link":"https:\/\/hpz.cz\/?page_id=13","title":{"rendered":"Textiln\u00ed rolety"},"content":{"rendered":"\n<h1 class=\"wp-block-heading\">Textiln\u00ed rolety<\/h1>\n\n\n\n<p>Interi\u00e9rov\u00e1 \ntextiln\u00ed roleta. Ovl\u00e1d\u00e1n\u00ed je mo\u017en\u00e9 \u0159et\u00edzkov\u00fdm, nebo pru\u017einov\u00fdm \nmechanismem. V\u00fdb\u011br mezi l\u00e1tkami zasti\u0148uj\u00edc\u00edmi, zcelazatem\u0148uj\u00edc\u00edmi a \ntermoizola\u010dn\u00edmi.<\/p>\n\n\n\n<ul class=\"wp-block-gallery columns-3 is-cropped wp-block-gallery-1 is-layout-flex wp-block-gallery-is-layout-flex\"><li class=\"blocks-gallery-item\"><figure><img loading=\"lazy\" decoding=\"async\" width=\"200\" height=\"200\" src=\"http:\/\/222367.w67.wedos.ws\/domains\/hpz.cz\/wp-content\/uploads\/2019\/06\/textil_rol2.jpg\" alt=\"\" data-id=\"92\" data-link=\"http:\/\/222367.w67.wedos.ws\/domains\/hpz.cz\/textilni-rolety\/textil_rol2\/\" class=\"wp-image-92\" srcset=\"https:\/\/hpz.cz\/wp-content\/uploads\/2019\/06\/textil_rol2.jpg 200w, https:\/\/hpz.cz\/wp-content\/uploads\/2019\/06\/textil_rol2-150x150.jpg 150w\" sizes=\"auto, (max-width: 200px) 100vw, 200px\" \/><\/figure><\/li><li class=\"blocks-gallery-item\"><figure><img loading=\"lazy\" decoding=\"async\" width=\"200\" height=\"200\" src=\"http:\/\/222367.w67.wedos.ws\/domains\/hpz.cz\/wp-content\/uploads\/2019\/06\/textil_rol1.jpg\" alt=\"\" data-id=\"93\" data-link=\"http:\/\/222367.w67.wedos.ws\/domains\/hpz.cz\/textilni-rolety\/textil_rol1\/\" class=\"wp-image-93\" srcset=\"https:\/\/hpz.cz\/wp-content\/uploads\/2019\/06\/textil_rol1.jpg 200w, https:\/\/hpz.cz\/wp-content\/uploads\/2019\/06\/textil_rol1-150x150.jpg 150w\" sizes=\"auto, (max-width: 200px) 100vw, 200px\" \/><\/figure><\/li><li class=\"blocks-gallery-item\"><figure><img loading=\"lazy\" decoding=\"async\" width=\"200\" height=\"200\" src=\"http:\/\/222367.w67.wedos.ws\/domains\/hpz.cz\/wp-content\/uploads\/2019\/06\/textil_rol.jpg\" alt=\"\" data-id=\"94\" data-link=\"http:\/\/222367.w67.wedos.ws\/domains\/hpz.cz\/textilni-rolety\/textil_rol\/\" class=\"wp-image-94\" srcset=\"https:\/\/hpz.cz\/wp-content\/uploads\/2019\/06\/textil_rol.jpg 200w, https:\/\/hpz.cz\/wp-content\/uploads\/2019\/06\/textil_rol-150x150.jpg 150w\" sizes=\"auto, (max-width: 200px) 100vw, 200px\" \/><\/figure><\/li><\/ul>\n","protected":false},"excerpt":{"rendered":"<p>Textiln\u00ed rolety Interi\u00e9rov\u00e1 textiln\u00ed roleta. Ovl\u00e1d\u00e1n\u00ed je mo\u017en\u00e9 \u0159et\u00edzkov\u00fdm, nebo pru\u017einov\u00fdm mechanismem. V\u00fdb\u011br mezi l\u00e1tkami zasti\u0148uj\u00edc\u00edmi, zcelazatem\u0148uj\u00edc\u00edmi a termoizola\u010dn\u00edmi.<\/p>\n","protected":false},"author":1,"featured_media":0,"parent":0,"menu_order":0,"comment_status":"closed","ping_status":"closed","template":"","meta":{"footnotes":""},"class_list":["post-13","page","type-page","status-publish","hentry"],"_links":{"self":[{"href":"https:\/\/hpz.cz\/index.php?rest_route=\/wp\/v2\/pages\/13","targetHints":{"allow":["GET"]}}],"collection":[{"href":"https:\/\/hpz.cz\/index.php?rest_route=\/wp\/v2\/pages"}],"about":[{"href":"https:\/\/hpz.cz\/index.php?rest_route=\/wp\/v2\/types\/page"}],"author":[{"embeddable":true,"href":"https:\/\/hpz.cz\/index.php?rest_route=\/wp\/v2\/users\/1"}],"replies":[{"embeddable":true,"href":"https:\/\/hpz.cz\/index.php?rest_route=%2Fwp%2Fv2%2Fcomments&post=13"}],"version-history":[{"count":3,"href":"https:\/\/hpz.cz\/index.php?rest_route=\/wp\/v2\/pages\/13\/revisions"}],"predecessor-version":[{"id":95,"href":"https:\/\/hpz.cz\/index.php?rest_route=\/wp\/v2\/pages\/13\/revisions\/95"}],"wp:attachment":[{"href":"https:\/\/hpz.cz\/index.php?rest_route=%2Fwp%2Fv2%2Fmedia&parent=13"}],"curies":[{"name":"wp","href":"https:\/\/api.w.org\/{rel}","templated":true}]}}