{"id":9,"date":"2019-06-04T16:43:08","date_gmt":"2019-06-04T14:43:08","guid":{"rendered":"http:\/\/222367.w67.wedos.ws\/domains\/hpz.cz\/?page_id=9"},"modified":"2024-01-23T14:03:38","modified_gmt":"2024-01-23T13:03:38","slug":"horizontalni-zaluzie","status":"publish","type":"page","link":"https:\/\/hpz.cz\/?page_id=9","title":{"rendered":"Horizont\u00e1ln\u00ed \u017ealuzie"},"content":{"rendered":"\n<h1 class=\"wp-block-heading\">Horizont\u00e1ln\u00ed \u017ealuzie<\/h1>\n\n\n\n<h2 class=\"wp-block-heading\">\u0158et\u00edzkov\u00e1 \u017ealuzie<\/h2>\n\n\n\n<p>Interi\u00e9rov\u00e1\n horizont\u00e1ln\u00ed \u017ealuzie ovl\u00e1dan\u00e1 kuli\u010dkov\u00fdm \u0159et\u00edzkem do plastov\u00fdch a euro \noken Horn\u00ed a spodn\u00ed profil lze v proveden\u00ed Fe, nebo Al v r\u016fzn\u00fdch \nbarv\u00e1ch.<\/p>\n\n\n\n<figure class=\"wp-block-gallery has-nested-images columns-default is-cropped wp-block-gallery-1 is-layout-flex wp-block-gallery-is-layout-flex\">\n<figure class=\"wp-block-image\"><img loading=\"lazy\" decoding=\"async\" width=\"200\" height=\"200\" data-id=\"58\" src=\"https:\/\/hpz.cz\/wp-content\/uploads\/2019\/06\/\u0159et\u00edzek2.jpg\" alt=\"\" class=\"wp-image-58\" srcset=\"https:\/\/hpz.cz\/wp-content\/uploads\/2019\/06\/\u0159et\u00edzek2.jpg 200w, https:\/\/hpz.cz\/wp-content\/uploads\/2019\/06\/\u0159et\u00edzek2-150x150.jpg 150w\" sizes=\"auto, (max-width: 200px) 100vw, 200px\" \/><\/figure>\n\n\n\n<figure class=\"wp-block-image\"><img loading=\"lazy\" decoding=\"async\" width=\"200\" height=\"200\" data-id=\"59\" src=\"https:\/\/hpz.cz\/wp-content\/uploads\/2019\/06\/\u0159et\u00edzek3.jpg\" alt=\"\" class=\"wp-image-59\" srcset=\"https:\/\/hpz.cz\/wp-content\/uploads\/2019\/06\/\u0159et\u00edzek3.jpg 200w, https:\/\/hpz.cz\/wp-content\/uploads\/2019\/06\/\u0159et\u00edzek3-150x150.jpg 150w\" sizes=\"auto, (max-width: 200px) 100vw, 200px\" \/><\/figure>\n\n\n\n<figure class=\"wp-block-image\"><img loading=\"lazy\" decoding=\"async\" width=\"200\" height=\"200\" data-id=\"60\" src=\"https:\/\/hpz.cz\/wp-content\/uploads\/2019\/06\/\u0159et\u00edzek1.jpg\" alt=\"\" class=\"wp-image-60\" srcset=\"https:\/\/hpz.cz\/wp-content\/uploads\/2019\/06\/\u0159et\u00edzek1.jpg 200w, https:\/\/hpz.cz\/wp-content\/uploads\/2019\/06\/\u0159et\u00edzek1-150x150.jpg 150w\" sizes=\"auto, (max-width: 200px) 100vw, 200px\" \/><\/figure>\n<\/figure>\n\n\n<div class=\"wp-block-image\">\n<figure class=\"aligncenter size-large is-resized\"><img loading=\"lazy\" decoding=\"async\" width=\"1024\" height=\"410\" src=\"https:\/\/hpz.cz\/wp-content\/uploads\/2024\/01\/IMG_20210727_101922-1024x410.jpg\" alt=\"\" class=\"wp-image-215\" style=\"width:505px;height:auto\" srcset=\"https:\/\/hpz.cz\/wp-content\/uploads\/2024\/01\/IMG_20210727_101922-1024x410.jpg 1024w, https:\/\/hpz.cz\/wp-content\/uploads\/2024\/01\/IMG_20210727_101922-300x120.jpg 300w, https:\/\/hpz.cz\/wp-content\/uploads\/2024\/01\/IMG_20210727_101922-768x307.jpg 768w, https:\/\/hpz.cz\/wp-content\/uploads\/2024\/01\/IMG_20210727_101922-1536x614.jpg 1536w, https:\/\/hpz.cz\/wp-content\/uploads\/2024\/01\/IMG_20210727_101922-2048x819.jpg 2048w\" sizes=\"auto, (max-width: 1024px) 100vw, 1024px\" \/><figcaption class=\"wp-element-caption\">dav<\/figcaption><\/figure><\/div>\n\n\n<h2 class=\"wp-block-heading\">Interierov\u00e1 \u017ealuzie<\/h2>\n\n\n\n<p>Interi\u00e9rov\u00e1 horizont\u00e1ln\u00ed \u017ealuzie ovl\u00e1dan\u00e1 \u0161\u0148\u016frou a pr\u016fhledn\u00fdm t\u00e1hlem, vhodn\u00e1 do kovov\u00fdch, d\u0159ev\u011bn\u00fdch a plastov\u00fdch oken.<\/p>\n\n\n\n<figure class=\"wp-block-gallery has-nested-images columns-default is-cropped wp-block-gallery-2 is-layout-flex wp-block-gallery-is-layout-flex\">\n<figure class=\"wp-block-image\"><img loading=\"lazy\" decoding=\"async\" width=\"200\" height=\"200\" data-id=\"63\" src=\"https:\/\/hpz.cz\/wp-content\/uploads\/2019\/06\/interier1.jpg\" alt=\"\" class=\"wp-image-63\" srcset=\"https:\/\/hpz.cz\/wp-content\/uploads\/2019\/06\/interier1.jpg 200w, https:\/\/hpz.cz\/wp-content\/uploads\/2019\/06\/interier1-150x150.jpg 150w\" sizes=\"auto, (max-width: 200px) 100vw, 200px\" \/><\/figure>\n\n\n\n<figure class=\"wp-block-image\"><img loading=\"lazy\" decoding=\"async\" width=\"200\" height=\"200\" data-id=\"64\" src=\"https:\/\/hpz.cz\/wp-content\/uploads\/2019\/06\/interier2.jpg\" alt=\"\" class=\"wp-image-64\" srcset=\"https:\/\/hpz.cz\/wp-content\/uploads\/2019\/06\/interier2.jpg 200w, https:\/\/hpz.cz\/wp-content\/uploads\/2019\/06\/interier2-150x150.jpg 150w\" sizes=\"auto, (max-width: 200px) 100vw, 200px\" \/><\/figure>\n<\/figure>\n","protected":false},"excerpt":{"rendered":"<p>Horizont\u00e1ln\u00ed \u017ealuzie \u0158et\u00edzkov\u00e1 \u017ealuzie Interi\u00e9rov\u00e1 horizont\u00e1ln\u00ed \u017ealuzie ovl\u00e1dan\u00e1 kuli\u010dkov\u00fdm \u0159et\u00edzkem do plastov\u00fdch a euro oken Horn\u00ed a spodn\u00ed profil lze v proveden\u00ed Fe, nebo Al v r\u016fzn\u00fdch barv\u00e1ch. Interierov\u00e1 \u017ealuzie Interi\u00e9rov\u00e1 horizont\u00e1ln\u00ed \u017ealuzie ovl\u00e1dan\u00e1 \u0161\u0148\u016frou a pr\u016fhledn\u00fdm t\u00e1hlem, vhodn\u00e1 do kovov\u00fdch, d\u0159ev\u011bn\u00fdch a plastov\u00fdch oken.<\/p>\n","protected":false},"author":1,"featured_media":0,"parent":0,"menu_order":0,"comment_status":"closed","ping_status":"closed","template":"","meta":{"footnotes":""},"class_list":["post-9","page","type-page","status-publish","hentry"],"_links":{"self":[{"href":"https:\/\/hpz.cz\/index.php?rest_route=\/wp\/v2\/pages\/9","targetHints":{"allow":["GET"]}}],"collection":[{"href":"https:\/\/hpz.cz\/index.php?rest_route=\/wp\/v2\/pages"}],"about":[{"href":"https:\/\/hpz.cz\/index.php?rest_route=\/wp\/v2\/types\/page"}],"author":[{"embeddable":true,"href":"https:\/\/hpz.cz\/index.php?rest_route=\/wp\/v2\/users\/1"}],"replies":[{"embeddable":true,"href":"https:\/\/hpz.cz\/index.php?rest_route=%2Fwp%2Fv2%2Fcomments&post=9"}],"version-history":[{"count":4,"href":"https:\/\/hpz.cz\/index.php?rest_route=\/wp\/v2\/pages\/9\/revisions"}],"predecessor-version":[{"id":216,"href":"https:\/\/hpz.cz\/index.php?rest_route=\/wp\/v2\/pages\/9\/revisions\/216"}],"wp:attachment":[{"href":"https:\/\/hpz.cz\/index.php?rest_route=%2Fwp%2Fv2%2Fmedia&parent=9"}],"curies":[{"name":"wp","href":"https:\/\/api.w.org\/{rel}","templated":true}]}}